{"id":118,"date":"2015-01-06T14:23:00","date_gmt":"2015-01-06T13:23:00","guid":{"rendered":"http:\/\/users.escalpades.eu\/escal3\/?page_id=118"},"modified":"2017-11-01T16:58:12","modified_gmt":"2017-11-01T15:58:12","slug":"contacts","status":"publish","type":"page","link":"https:\/\/users.escalpades.eu\/escal3\/le-club\/contacts","title":{"rendered":"Contacts"},"content":{"rendered":"<div id=\"pl-118\"  class=\"panel-layout\" ><div id=\"pg-118-0\"  class=\"panel-grid panel-no-style\" ><div id=\"pgc-118-0-0\"  class=\"panel-grid-cell\" ><div id=\"panel-118-0-0-0\" class=\"so-panel widget widget_black-studio-tinymce widget_black_studio_tinymce panel-first-child panel-last-child\" data-index=\"0\" ><div class=\"textwidget\"><p>Notre refuge se trouve \u00e0 l'Escale, au 20, avenue de Mersch, B-6700 Arlon<\/p>\n<p>T\u00e9l\u00e9phone: +32\u00a0 63 57 27 57<\/p>\n<p id=\"u454-17\" class=\"Contenu-s-rieux\">Contact : info@escalpades.eu<\/p>\n<p id=\"u454-19\" class=\"Contenu-s-rieux\">\u00a0<\/p>\n<\/div><\/div><\/div><\/div><div id=\"pg-118-1\"  class=\"panel-grid panel-no-style\" ><div id=\"pgc-118-1-0\"  class=\"panel-grid-cell\" ><div id=\"panel-118-1-0-0\" class=\"so-panel widget widget_black-studio-tinymce widget_black_studio_tinymce panel-first-child panel-last-child\" data-index=\"1\" ><div class=\"textwidget\"><p>    <iframe\n      id=\"JotFormIFrame-73044568532357\"\n      onload=\"window.parent.scrollTo(0,0)\"\n      allowtransparency=\"true\"\n      src=\"https:\/\/form.jotformeu.com\/73044568532357\"\n      frameborder=\"0\"\n      style=\"width: 1px;\n      min-width: 100%;\n      height:539px;\n      border:none;\"\n      scrolling=\"no\"><br \/>\n    <\/iframe><br \/>\n    <script type=\"text\/javascript\">\n      var ifr = document.getElementById(\"JotFormIFrame-73044568532357\");\n      if(window.location.href && window.location.href.indexOf(\"?\") > -1) {\n        var get = window.location.href.substr(window.location.href.indexOf(\"?\") + 1);\n        if(ifr && get.length > 0) {\n          var src = ifr.src;\n          src = src.indexOf(\"?\") > -1 ? src + \"&\" + get : src  + \"?\" + get;\n          ifr.src = src;\n        }\n      }\n      window.handleIFrameMessage = function(e) {\n        var args = e.data.split(\":\");\n        if (args.length > 2) { iframe = document.getElementById(\"JotFormIFrame-\" + args[2]); } else { iframe = document.getElementById(\"JotFormIFrame\"); }\n        if (!iframe)\n          return;\n        switch (args[0]) {\n          case \"scrollIntoView\":\n            iframe.scrollIntoView();\n            break;\n          case \"setHeight\":\n            iframe.style.height = args[1] + \"px\";\n            break;\n          case \"collapseErrorPage\":\n            if (iframe.clientHeight > window.innerHeight) {\n              iframe.style.height = window.innerHeight + \"px\";\n            }\n            break;\n          case \"reloadPage\":\n            window.location.reload();\n            break;\n        }\n        var isJotForm = (e.origin.indexOf(\"jotform\") > -1) ? true : false;\n        if(isJotForm && \"contentWindow\" in iframe && \"postMessage\" in iframe.contentWindow) {\n          var urls = {\"docurl\":encodeURIComponent(document.URL),\"referrer\":encodeURIComponent(document.referrer)};\n          iframe.contentWindow.postMessage(JSON.stringify({\"type\":\"urls\",\"value\":urls}), \"*\");\n        }\n      };\n      if (window.addEventListener) {\n        window.addEventListener(\"message\", handleIFrameMessage, false);\n      } else if (window.attachEvent) {\n        window.attachEvent(\"onmessage\", handleIFrameMessage);\n      }\n      <\/script><\/p>\n<\/div><\/div><\/div><\/div><\/div>","protected":false},"excerpt":{"rendered":"<p>Notre refuge se trouve \u00e0 l&rsquo;Escale, au 20, avenue de Mersch, B-6700 ArlonT\u00e9l\u00e9phone: +32\u00a0 63 57 27 57Contact : info@escalpades.eu\u00a0<\/p>\n","protected":false},"author":1,"featured_media":0,"parent":2,"menu_order":0,"comment_status":"closed","ping_status":"closed","template":"","meta":{"jetpack_post_was_ever_published":false,"footnotes":""},"class_list":["post-118","page","type-page","status-publish","hentry","post"],"aioseo_notices":[],"jetpack_sharing_enabled":true,"jetpack_shortlink":"https:\/\/wp.me\/P6cOmk-1U","jetpack-related-posts":[],"_links":{"self":[{"href":"https:\/\/users.escalpades.eu\/escal3\/wp-json\/wp\/v2\/pages\/118","targetHints":{"allow":["GET"]}}],"collection":[{"href":"https:\/\/users.escalpades.eu\/escal3\/wp-json\/wp\/v2\/pages"}],"about":[{"href":"https:\/\/users.escalpades.eu\/escal3\/wp-json\/wp\/v2\/types\/page"}],"author":[{"embeddable":true,"href":"https:\/\/users.escalpades.eu\/escal3\/wp-json\/wp\/v2\/users\/1"}],"replies":[{"embeddable":true,"href":"https:\/\/users.escalpades.eu\/escal3\/wp-json\/wp\/v2\/comments?post=118"}],"version-history":[{"count":20,"href":"https:\/\/users.escalpades.eu\/escal3\/wp-json\/wp\/v2\/pages\/118\/revisions"}],"predecessor-version":[{"id":2810,"href":"https:\/\/users.escalpades.eu\/escal3\/wp-json\/wp\/v2\/pages\/118\/revisions\/2810"}],"up":[{"embeddable":true,"href":"https:\/\/users.escalpades.eu\/escal3\/wp-json\/wp\/v2\/pages\/2"}],"wp:attachment":[{"href":"https:\/\/users.escalpades.eu\/escal3\/wp-json\/wp\/v2\/media?parent=118"}],"curies":[{"name":"wp","href":"https:\/\/api.w.org\/{rel}","templated":true}]}}